{"id":3797,"date":"2018-10-31T09:01:50","date_gmt":"2018-10-31T08:01:50","guid":{"rendered":"http:\/\/www.ayuntamiento-losmolinos.es\/?post_type=te_announcements&#038;p=3797"},"modified":"2018-10-31T09:01:50","modified_gmt":"2018-10-31T08:01:50","slug":"dos-publicaciones-municipales","status":"publish","type":"te_announcements","link":"https:\/\/www.ayuntamiento-losmolinos.es\/?te_announcements=dos-publicaciones-municipales","title":{"rendered":"Publicaciones Municipales"},"content":{"rendered":"<table style=\"border-collapse: collapse; width: 98.3559%; height: 58px;\">\n<tbody>\n<tr style=\"height: 10px;\">\n<td style=\"width: 63.4214%; height: 10px; text-align: left;\">\n<p style=\"text-align: center;\"><strong><span style=\"font-size: 14pt;\"><a href=\"\/wp-content\/uploads\/2019\/01\/LOS-MOLINOS-EN-FOTOGRAFIA.pdf\" target=\"_blank\" rel=\"noopener noreferrer\"><u>Libro Los Molinos en fotograf\u00edas 1883- 1963<\/u> <\/a><\/span><\/strong><\/p>\n<p><a href=\"https:\/\/www.ayuntamiento-losmolinos.es\/wp-content\/uploads\/2019\/01\/LosMolinosFotografias.jpg\"><img loading=\"lazy\" decoding=\"async\" class=\"aligncenter wp-image-10699\" src=\"https:\/\/www.ayuntamiento-losmolinos.es\/wp-content\/uploads\/2019\/01\/LosMolinosFotografias.jpg\" alt=\"\" width=\"391\" height=\"285\" srcset=\"https:\/\/www.ayuntamiento-losmolinos.es\/wp-content\/uploads\/2019\/01\/LosMolinosFotografias.jpg 1006w, https:\/\/www.ayuntamiento-losmolinos.es\/wp-content\/uploads\/2019\/01\/LosMolinosFotografias-300x219.jpg 300w, https:\/\/www.ayuntamiento-losmolinos.es\/wp-content\/uploads\/2019\/01\/LosMolinosFotografias-768x560.jpg 768w, https:\/\/www.ayuntamiento-losmolinos.es\/wp-content\/uploads\/2019\/01\/LosMolinosFotografias-200x146.jpg 200w, https:\/\/www.ayuntamiento-losmolinos.es\/wp-content\/uploads\/2019\/01\/LosMolinosFotografias-50x36.jpg 50w, https:\/\/www.ayuntamiento-losmolinos.es\/wp-content\/uploads\/2019\/01\/LosMolinosFotografias-103x75.jpg 103w\" sizes=\"auto, (max-width: 391px) 100vw, 391px\" \/><\/a><\/p>\n<p style=\"text-align: center;\"><em>Marta Mart\u00edn Fdez. C. Cultura. Enero 2003<\/em><\/p>\n<\/td>\n<\/tr>\n<tr>\n<td style=\"width: 63.4214%; text-align: left;\">\n<p style=\"text-align: center;\"><strong><span style=\"font-size: 14pt;\"><a href=\"\/wp-content\/uploads\/2018\/10\/LA-VAQUILLA.-folleto.-2005.pdf\" target=\"_blank\" rel=\"noopener noreferrer\">La Vaquilla<\/a><\/span><\/strong><\/p>\n<p><a href=\"https:\/\/www.ayuntamiento-losmolinos.es\/wp-content\/uploads\/2012\/01\/conoce_los_molinos_Fiestas_San-Sebastian_vaquilla.jpg\"><img loading=\"lazy\" decoding=\"async\" class=\"aligncenter wp-image-7630\" src=\"https:\/\/www.ayuntamiento-losmolinos.es\/wp-content\/uploads\/2012\/01\/conoce_los_molinos_Fiestas_San-Sebastian_vaquilla.jpg\" alt=\"vaquilla\" width=\"320\" height=\"445\" \/><\/a><\/p>\n<p style=\"text-align: center;\"><em>Francisco P\u00e9rez Robledano. Enero 2006<\/em><\/p>\n<p>&nbsp;<\/td>\n<\/tr>\n<tr>\n<td style=\"width: 63.4214%; text-align: left;\">\n<p style=\"text-align: center;\"><strong><span style=\"font-size: 14pt;\"><a href=\"\/wp-content\/uploads\/2018\/12\/LIBROLUISRODRIGUEZQUEVEDO-compressed.pdf\" target=\"_blank\" rel=\"noopener noreferrer\">El arquitecto D. Luis Rodr\u00edguez Quevedo y el municipio de Los Molinos<\/a><\/span><\/strong><\/p>\n<p><a href=\"https:\/\/www.ayuntamiento-losmolinos.es\/wp-content\/uploads\/2021\/08\/rodriguez-quevedo.jpg\"><img loading=\"lazy\" decoding=\"async\" class=\"aligncenter wp-image-18371\" src=\"https:\/\/www.ayuntamiento-losmolinos.es\/wp-content\/uploads\/2021\/08\/rodriguez-quevedo.jpg\" alt=\"\" width=\"383\" height=\"438\" srcset=\"https:\/\/www.ayuntamiento-losmolinos.es\/wp-content\/uploads\/2021\/08\/rodriguez-quevedo.jpg 712w, https:\/\/www.ayuntamiento-losmolinos.es\/wp-content\/uploads\/2021\/08\/rodriguez-quevedo-262x300.jpg 262w, https:\/\/www.ayuntamiento-losmolinos.es\/wp-content\/uploads\/2021\/08\/rodriguez-quevedo-128x146.jpg 128w, https:\/\/www.ayuntamiento-losmolinos.es\/wp-content\/uploads\/2021\/08\/rodriguez-quevedo-44x50.jpg 44w, https:\/\/www.ayuntamiento-losmolinos.es\/wp-content\/uploads\/2021\/08\/rodriguez-quevedo-66x75.jpg 66w\" sizes=\"auto, (max-width: 383px) 100vw, 383px\" \/><\/a><\/p>\n<p style=\"text-align: center;\"><em>Marta Mart\u00edn Fdez. C. Cultura. Abril 2006<\/em><\/p>\n<\/td>\n<\/tr>\n<tr style=\"height: 24px;\">\n<td style=\"width: 63.4214%; height: 24px; text-align: left;\">\n<p style=\"text-align: center;\"><strong><span style=\"font-size: 14pt;\"><a title=\"Un recorrido por Los Molinos\" href=\"\/\/www.slideshare.net\/ayuntamientolosmolinos\/un-recorrido-por-los-molinos\" target=\"_blank\" rel=\"noopener noreferrer\">Un recorrido por Los Molinos<\/a><\/span><\/strong><\/p>\n<p style=\"text-align: center;\"><a href=\"\/wp-content\/uploads\/2018\/11\/7.-PRESENTACI\u00d3N-UN-RECORRIDO-POR-LOS-MOLINOS.pdf\" target=\"_blank\" rel=\"noopener noreferrer\"><u>Presentaci\u00f3n del Libro Un recorrido en la Casa Museo Julio Escobar<\/u><\/a><\/p>\n<p><a href=\"https:\/\/www.ayuntamiento-losmolinos.es\/wp-content\/uploads\/2021\/08\/recorri.jpg\"><img loading=\"lazy\" decoding=\"async\" class=\"aligncenter size-full wp-image-18372\" src=\"https:\/\/www.ayuntamiento-losmolinos.es\/wp-content\/uploads\/2021\/08\/recorri.jpg\" alt=\"\" width=\"266\" height=\"378\" srcset=\"https:\/\/www.ayuntamiento-losmolinos.es\/wp-content\/uploads\/2021\/08\/recorri.jpg 266w, https:\/\/www.ayuntamiento-losmolinos.es\/wp-content\/uploads\/2021\/08\/recorri-211x300.jpg 211w, https:\/\/www.ayuntamiento-losmolinos.es\/wp-content\/uploads\/2021\/08\/recorri-103x146.jpg 103w, https:\/\/www.ayuntamiento-losmolinos.es\/wp-content\/uploads\/2021\/08\/recorri-35x50.jpg 35w, https:\/\/www.ayuntamiento-losmolinos.es\/wp-content\/uploads\/2021\/08\/recorri-53x75.jpg 53w\" sizes=\"auto, (max-width: 266px) 100vw, 266px\" \/><\/a><\/p>\n<p style=\"text-align: center;\"><em>Marta Mart\u00edn Fdez. C. Cultura. Mayo 2012<\/em><\/p>\n<\/td>\n<\/tr>\n<tr>\n<td style=\"width: 63.4214%; text-align: left;\">\n<p style=\"text-align: center;\"><strong><span style=\"font-size: 14pt;\"><a href=\"\/wp-content\/uploads\/2018\/11\/4.-APROXIMACION-A-LA-ENSENANZA-PRIMARIA-EN-LOS-MOLINOS-DESDE-LA-LEY-MOYANO-1857-1931.-Jaime-Mej\u00eds-Carde\u00f1a-2014.pdf\" target=\"_blank\" rel=\"noopener noreferrer\">Aproximaci\u00f3n a la ense\u00f1anza de primeras letras en Los Molinos desde la Ley Moyano (1857) hasta el fin del reinado de Alfonso XIII (1931)<\/a><\/span><\/strong><\/p>\n<p><a href=\"https:\/\/www.ayuntamiento-losmolinos.es\/wp-content\/uploads\/2021\/08\/aproximacion-a-la-ensenanza.jpg\"><img loading=\"lazy\" decoding=\"async\" class=\"aligncenter wp-image-18373\" src=\"https:\/\/www.ayuntamiento-losmolinos.es\/wp-content\/uploads\/2021\/08\/aproximacion-a-la-ensenanza.jpg\" alt=\"\" width=\"371\" height=\"397\" srcset=\"https:\/\/www.ayuntamiento-losmolinos.es\/wp-content\/uploads\/2021\/08\/aproximacion-a-la-ensenanza.jpg 735w, https:\/\/www.ayuntamiento-losmolinos.es\/wp-content\/uploads\/2021\/08\/aproximacion-a-la-ensenanza-281x300.jpg 281w, https:\/\/www.ayuntamiento-losmolinos.es\/wp-content\/uploads\/2021\/08\/aproximacion-a-la-ensenanza-137x146.jpg 137w, https:\/\/www.ayuntamiento-losmolinos.es\/wp-content\/uploads\/2021\/08\/aproximacion-a-la-ensenanza-47x50.jpg 47w, https:\/\/www.ayuntamiento-losmolinos.es\/wp-content\/uploads\/2021\/08\/aproximacion-a-la-ensenanza-70x75.jpg 70w\" sizes=\"auto, (max-width: 371px) 100vw, 371px\" \/><\/a><\/p>\n<p style=\"text-align: center;\"><em>Jaime Mej\u00edas Carde\u00f1a. C. Cultura. Agosto 2014<\/em><\/p>\n<\/td>\n<\/tr>\n<\/tbody>\n<\/table>\n","protected":false},"parent":0,"template":"","class_list":["post-3797","te_announcements","type-te_announcements","status-publish","hentry"],"featured_image_urls_v2":{"full":"","thumbnail":"","medium":"","medium_large":"","large":"","timeline-express":"","timeline-express-thumbnail":"","1536x1536":"","2048x2048":""},"post_excerpt_stackable_v2":"<p>Libro Los Molinos en fotograf\u00edas 1883- 1963 Marta Mart\u00edn Fdez. C. Cultura. Enero 2003 La Vaquilla Francisco P\u00e9rez Robledano. Enero 2006 &nbsp; El arquitecto D. Luis Rodr\u00edguez Quevedo y el municipio de Los Molinos Marta Mart\u00edn Fdez. C. Cultura. Abril 2006 Un recorrido por Los Molinos Presentaci\u00f3n del Libro Un recorrido en la Casa Museo Julio Escobar Marta Mart\u00edn Fdez. C. Cultura. Mayo 2012 Aproximaci\u00f3n a la ense\u00f1anza de primeras letras en Los Molinos desde la Ley Moyano (1857) hasta el fin del reinado de Alfonso XIII (1931) Jaime Mej\u00edas Carde\u00f1a. C. Cultura. Agosto 2014<\/p>\n","category_list_v2":"","author_info_v2":{"name":"","url":""},"comments_num_v2":"0 comentarios","announcement_date":"Announcement Date: 1 de febrero de 1001","announcement_image":false,"_links":{"self":[{"href":"https:\/\/www.ayuntamiento-losmolinos.es\/index.php?rest_route=\/wp\/v2\/announcement\/3797","targetHints":{"allow":["GET"]}}],"collection":[{"href":"https:\/\/www.ayuntamiento-losmolinos.es\/index.php?rest_route=\/wp\/v2\/announcement"}],"about":[{"href":"https:\/\/www.ayuntamiento-losmolinos.es\/index.php?rest_route=\/wp\/v2\/types\/te_announcements"}],"wp:attachment":[{"href":"https:\/\/www.ayuntamiento-losmolinos.es\/index.php?rest_route=%2Fwp%2Fv2%2Fmedia&parent=3797"}],"curies":[{"name":"wp","href":"https:\/\/api.w.org\/{rel}","templated":true}]}}

<table style="border-collapse: collapse; width: 98.3559%; height: 58px;">
<tbody>
<tr style="height: 10px;">
<td style="width: 63.4214%; height: 10px; text-align: left;">
<p style="text-align: center;"><strong><span style="font-size: 14pt;"><a href="/wp-content/uploads/2019/01/LOS-MOLINOS-EN-FOTOGRAFIA.pdf" target="_blank" rel="noopener noreferrer"><u>Libro Los Molinos en fotografías 1883- 1963</u> </a></span></strong></p>
<p><a href="https://www.ayuntamiento-losmolinos.es/wp-content/uploads/2019/01/LosMolinosFotografias.jpg"><img loading="lazy" decoding="async" class="aligncenter wp-image-10699" src="https://www.ayuntamiento-losmolinos.es/wp-content/uploads/2019/01/LosMolinosFotografias.jpg" alt="" width="391" height="285" srcset="https://www.ayuntamiento-losmolinos.es/wp-content/uploads/2019/01/LosMolinosFotografias.jpg 1006w, https://www.ayuntamiento-losmolinos.es/wp-content/uploads/2019/01/LosMolinosFotografias-300x219.jpg 300w, https://www.ayuntamiento-losmolinos.es/wp-content/uploads/2019/01/LosMolinosFotografias-768x560.jpg 768w, https://www.ayuntamiento-losmolinos.es/wp-content/uploads/2019/01/LosMolinosFotografias-200x146.jpg 200w, https://www.ayuntamiento-losmolinos.es/wp-content/uploads/2019/01/LosMolinosFotografias-50x36.jpg 50w, https://www.ayuntamiento-losmolinos.es/wp-content/uploads/2019/01/LosMolinosFotografias-103x75.jpg 103w" sizes="auto, (max-width: 391px) 100vw, 391px" /></a></p>
<p style="text-align: center;"><em>Marta Martín Fdez. C. Cultura. Enero 2003</em></p>
</td>
</tr>
<tr>
<td style="width: 63.4214%; text-align: left;">
<p style="text-align: center;"><strong><span style="font-size: 14pt;"><a href="/wp-content/uploads/2018/10/LA-VAQUILLA.-folleto.-2005.pdf" target="_blank" rel="noopener noreferrer">La Vaquilla</a></span></strong></p>
<p><a href="https://www.ayuntamiento-losmolinos.es/wp-content/uploads/2012/01/conoce_los_molinos_Fiestas_San-Sebastian_vaquilla.jpg"><img loading="lazy" decoding="async" class="aligncenter wp-image-7630" src="https://www.ayuntamiento-losmolinos.es/wp-content/uploads/2012/01/conoce_los_molinos_Fiestas_San-Sebastian_vaquilla.jpg" alt="vaquilla" width="320" height="445" /></a></p>
<p style="text-align: center;"><em>Francisco Pérez Robledano. Enero 2006</em></p>
<p>&nbsp;</td>
</tr>
<tr>
<td style="width: 63.4214%; text-align: left;">
<p style="text-align: center;"><strong><span style="font-size: 14pt;"><a href="/wp-content/uploads/2018/12/LIBROLUISRODRIGUEZQUEVEDO-compressed.pdf" target="_blank" rel="noopener noreferrer">El arquitecto D. Luis Rodríguez Quevedo y el municipio de Los Molinos</a></span></strong></p>
<p><a href="https://www.ayuntamiento-losmolinos.es/wp-content/uploads/2021/08/rodriguez-quevedo.jpg"><img loading="lazy" decoding="async" class="aligncenter wp-image-18371" src="https://www.ayuntamiento-losmolinos.es/wp-content/uploads/2021/08/rodriguez-quevedo.jpg" alt="" width="383" height="438" srcset="https://www.ayuntamiento-losmolinos.es/wp-content/uploads/2021/08/rodriguez-quevedo.jpg 712w, https://www.ayuntamiento-losmolinos.es/wp-content/uploads/2021/08/rodriguez-quevedo-262x300.jpg 262w, https://www.ayuntamiento-losmolinos.es/wp-content/uploads/2021/08/rodriguez-quevedo-128x146.jpg 128w, https://www.ayuntamiento-losmolinos.es/wp-content/uploads/2021/08/rodriguez-quevedo-44x50.jpg 44w, https://www.ayuntamiento-losmolinos.es/wp-content/uploads/2021/08/rodriguez-quevedo-66x75.jpg 66w" sizes="auto, (max-width: 383px) 100vw, 383px" /></a></p>
<p style="text-align: center;"><em>Marta Martín Fdez. C. Cultura. Abril 2006</em></p>
</td>
</tr>
<tr style="height: 24px;">
<td style="width: 63.4214%; height: 24px; text-align: left;">
<p style="text-align: center;"><strong><span style="font-size: 14pt;"><a title="Un recorrido por Los Molinos" href="//www.slideshare.net/ayuntamientolosmolinos/un-recorrido-por-los-molinos" target="_blank" rel="noopener noreferrer">Un recorrido por Los Molinos</a></span></strong></p>
<p style="text-align: center;"><a href="/wp-content/uploads/2018/11/7.-PRESENTACIÓN-UN-RECORRIDO-POR-LOS-MOLINOS.pdf" target="_blank" rel="noopener noreferrer"><u>Presentación del Libro Un recorrido en la Casa Museo Julio Escobar</u></a></p>
<p><a href="https://www.ayuntamiento-losmolinos.es/wp-content/uploads/2021/08/recorri.jpg"><img loading="lazy" decoding="async" class="aligncenter size-full wp-image-18372" src="https://www.ayuntamiento-losmolinos.es/wp-content/uploads/2021/08/recorri.jpg" alt="" width="266" height="378" srcset="https://www.ayuntamiento-losmolinos.es/wp-content/uploads/2021/08/recorri.jpg 266w, https://www.ayuntamiento-losmolinos.es/wp-content/uploads/2021/08/recorri-211x300.jpg 211w, https://www.ayuntamiento-losmolinos.es/wp-content/uploads/2021/08/recorri-103x146.jpg 103w, https://www.ayuntamiento-losmolinos.es/wp-content/uploads/2021/08/recorri-35x50.jpg 35w, https://www.ayuntamiento-losmolinos.es/wp-content/uploads/2021/08/recorri-53x75.jpg 53w" sizes="auto, (max-width: 266px) 100vw, 266px" /></a></p>
<p style="text-align: center;"><em>Marta Martín Fdez. C. Cultura. Mayo 2012</em></p>
</td>
</tr>
<tr>
<td style="width: 63.4214%; text-align: left;">
<p style="text-align: center;"><strong><span style="font-size: 14pt;"><a href="/wp-content/uploads/2018/11/4.-APROXIMACION-A-LA-ENSENANZA-PRIMARIA-EN-LOS-MOLINOS-DESDE-LA-LEY-MOYANO-1857-1931.-Jaime-Mejís-Cardeña-2014.pdf" target="_blank" rel="noopener noreferrer">Aproximación a la enseñanza de primeras letras en Los Molinos desde la Ley Moyano (1857) hasta el fin del reinado de Alfonso XIII (1931)</a></span></strong></p>
<p><a href="https://www.ayuntamiento-losmolinos.es/wp-content/uploads/2021/08/aproximacion-a-la-ensenanza.jpg"><img loading="lazy" decoding="async" class="aligncenter wp-image-18373" src="https://www.ayuntamiento-losmolinos.es/wp-content/uploads/2021/08/aproximacion-a-la-ensenanza.jpg" alt="" width="371" height="397" srcset="https://www.ayuntamiento-losmolinos.es/wp-content/uploads/2021/08/aproximacion-a-la-ensenanza.jpg 735w, https://www.ayuntamiento-losmolinos.es/wp-content/uploads/2021/08/aproximacion-a-la-ensenanza-281x300.jpg 281w, https://www.ayuntamiento-losmolinos.es/wp-content/uploads/2021/08/aproximacion-a-la-ensenanza-137x146.jpg 137w, https://www.ayuntamiento-losmolinos.es/wp-content/uploads/2021/08/aproximacion-a-la-ensenanza-47x50.jpg 47w, https://www.ayuntamiento-losmolinos.es/wp-content/uploads/2021/08/aproximacion-a-la-ensenanza-70x75.jpg 70w" sizes="auto, (max-width: 371px) 100vw, 371px" /></a></p>
<p style="text-align: center;"><em>Jaime Mejías Cardeña. C. Cultura. Agosto 2014</em></p>
</td>
</tr>
</tbody>
</table>

<p>Libro Los Molinos en fotografías 1883- 1963 Marta Martín Fdez. C. Cultura. Enero 2003 La Vaquilla Francisco Pérez Robledano. Enero 2006 &nbsp; El arquitecto D. Luis Rodríguez Quevedo y el municipio de Los Molinos Marta Martín Fdez. C. Cultura. Abril 2006 Un recorrido por Los Molinos Presentación del Libro Un recorrido en la Casa Museo Julio Escobar Marta Martín Fdez. C. Cultura. Mayo 2012 Aproximación a la enseñanza de primeras letras en Los Molinos desde la Ley Moyano (1857) hasta el fin del reinado de Alfonso XIII (1931) Jaime Mejías Cardeña. C. Cultura. Agosto 2014</p>
